72 is divided by 102?
56
What is the remainder when 621 is divided by 89?
87
Calculate the remainder when 268 is divided by 45.
43
Calculate the remainder when 390 is divided by 14.
12
What is the remainder when 238 is divided by 9?
4
Calculate the remainder when 165 is divided by 42.
39
Calculate the remainder when 106 is divided by 24.
10
What is the remainder when 1354 is divided by 12?
10
Calculate the remainder when 592 is divided by 22.
20
Calculate the remainder when 413 is divided by 68.
5
Calculate the remainder when 896 is divided by 361.
174
Calculate the remainder when 6828 is divided by 213.
12
Calculate the remainder when 749 is divided by 8.
5
Calculate the remainder when 211 is divided by 17.
7
What is the remainder when 77 is divided by 44?
33
What is the remainder when 975 is divided by 89?
85
Calculate the remainder when 455 is divided by 50.
5
What is the remainder when 556 is divided by 80?
76
What is the remainder when 66 is divided by 18?
12
Calculate the remainder when 258 is divided by 46.
28
What is the remainder when 353 is divided by 52?
41
What is the remainder when 429 is divided by 77?
44
What is the remainder when 776 is divided by 252?
20
Calculate the remainder when 510 is divided by 160.
30
Calculate the remainder when 61 is divided by 33.
28
Calculate the remainder when 338 is divided by 9.
5
What is the remainder when 1064 is divided by 117?
11
What is the remainder when 212 is divided by 36?
32
What is the remainder when 258 is divided by 52?
50
What is the remainder when 50 is divided by 4?
2
What is the remainder when 99 is divided by 91?
8
Calculate the remainder when 142 is divided by 73.
69
Calculate the remainder when 102 is divided by 13.
11
What is the remainder when 1886 is divided by 54?
50
What is the remainder when 10 is divided by 4?
2
Calculate the remainder when 127 is divided by 53.
21
What is the remainder when 248 is divided by 130?
118
Calculate the remainder when 22 is divided by 12.
10
Calculate the remainder when 1398 is divided by 181.
131
What is the remainder when 35 is divided by 7?
0
Calculate the remainder when 1758 is divided by 40.
38
What is the remainder when 4541 is divided by 648?
5
Calculate the remainder when 60 is divided by 19.
3
What is the remainder when 206 is divided by 53?
47
What is the remainder when 165 is divided by 13?
9
Calculate the remainder when 297 is divided by 23.
21
What is the remainder when 35 is divided by 20?
15
What is the remainder when 782 is divided by 152?
22
Calculate the remainder when 151 is divided by 17.
15
What is the remainder when 2566 is divided by 123?
106
Calculate the remainder when 293 is divided by 144.
5
Calculate the remainder when 416 is divided by 191.
34
What is the remainder when 368 is divided by 63?
53
What is the remainder when 230 is divided by 56?
6
What is the remainder when 955 is divided by 10?
5
What is the remainder when 152 is divided by 16?
8
Calculate the remainder when 811 is divided by 211.
178
Calculate the remainder when 4662 is divided by 11.
9
Calculate the remainder when 550 is divided by 147.
109
Calculate the remainder when 428 is divided by 108.
104
Calculate the remainder when 962 is divided by 46.
42
What is the remainder when 288 is divided by 34?
16
Calculate the remainder when 2755 is divided by 46.
41
Calculate the remainder when 297 is divided by 101.
95
Calculate the remainder when 1438 is divided by 32.
30
Calculate the remainder when 269 is divided by 69.
62
What is the remainder when 1595 is divided by 41?
37
What is the remainder when 300 is divided by 145?
10
What is the remainder when 522 is divided by 107?
94
Calculate the remainder when 240 is divided by 61.
57
Calculate the remainder when 444 is divided by 47.
21
Calculate the remainder when 3217 is divided by 37.
35
Calculate the remainder when 567 is divided by 29.
16
Calculate the remainder when 136 is divided by 70.
66
Calculate the remainder when 162 is divided by 13.
6
What is the remainder when 182 is divided by 50?
32
Calculate the remainder when 290 is divided by 283.
7
What is the remainder when 146 is divided by 76?
70
What is the remainder when 447 is divided by 56?
55
Calculate the remainder when 10199 is divided by 68.
67
What is the remainder when 675 is divided by 264?
147
Calculate the remainder when 324 is divided by 49.
30
Calculate the remainder when 5508 is divided by 167.
164
Calculate the remainder when 204 is divided by 93.
18
Calculate the remainder when 1522 is divided by 109.
105
What is the remainder when 728 is divided by 82?
72
Calculate the remainder when 257 is divided by 99.
59
What is the remainder when 189 is divided by 23?
5
Calculate the remainder when 833 is divided by 277.
2
Calculate the remainder when 773 is divided by 86.
85
What is the remainder when 319 is divided by 98?
25
Calculate the remainder when 1193 is divided by 19.
15
What is the remainder when 633 is divided by 39?
9
Calculate the remainder when 116 is divided by 22.
6
What is the remainder when 422 is divided by 21?
2
Calculate the remainder when 225 is divided by 38.
35
Calculate the remainder when 718 is divided by 45.
43
Calculate the remainder when 231 is divided by 103.
25
What is the remainder when 152 is divided by 38?
0
What is the remainder when 1517 is divided by 95?
92
Calculate the remainder when 542 is divided by 144.
110
What is the remainder when 948 is divided by 77?
24
What is the remainder when 1230 is divided by 246?
0
Calculate the remainder when 235 is divided by 49.
39
Calculate the remainder when 73 is divided by 46.
27
Calculate the remainder when 531 is divided by 135.
126
Calculate the remainder when 236 is divided by 2.
0
What is the remainder when 228 is divided by 105?
18
Calculate the remainder when 1680 is divided by 64.
16
Calculate the remainder when 95 is divided by 52.
43
Calculate the remainder when 463 is divided by 119.
106
What is the remainder when 795 is divided by 114?
111
Calculate the remainder when 221 is divided by 37.
36
Calculate the remainder when 22 is divided by 1.
0
What is the remainder when 3434 is divided by 231?
200
What is the remainder when 427 is divided by 11?
9
What is the remainder when 319 is divided by 29?
0
What is the remainder when 141 is divided by 6?
3
Calculate the remainder when 201 is divided by 70.
61
What is the remainder when 282 is divided by 89?
15
What is the remainder when 3301 is divided by 59?
56
Calculate the remainder when 361 is divided by 45.
1
What is the remainder when 261 is divided by 58?
29
What is the remainder when 152 is divided by 8?
0
What is the remainder when 1612 is divided by 85?
82
What is the remainder when 288 is divided by 39?
15
Calculate the remainder when 111 is divided by 30.
21
Calculate the remainder when 32 is divided by 17.
15
Calculate the remainder when 147 is divided by 3.
0
Calculate the remainder when 411 is divided by 2.
1
What is the remainder when 20230 is divided by 72?
70
Calculate the remainder when 2582 is divided by 47.
44
What is the remainder when 527 is divided by 66?
65
Calculate the remainder when 1316 is divided by 121.
106
What is the remainder when 88 is divided by 24?
16
Calculate the remainder when 523 is divided by 15.
13
Calculate the remainder when 73 is divided by 71.
2
What is the remainder when 409 is divided by 41?
40
What is the remainder when 2346 is divided by 60?
6
Calculate the remainder when 1514 is divided by 31.
26
Calculate the remainder when 239 is divided by 20.
19
What is the remainder when 1641 is divided by 500?
141
What is the remainder when 23242 is divided by 11?
10
Calculate the remainder when 11599 is divided by 96.
79
Calculate the remainder when 2634 is divided by 381.
348
What is the remainder when 827 is divided by 167?
159
Calculate the remainder when 626 is divided by 17.
14
What is the remainder when 63 is divided by 11?
8
Calculate the remainder when 5759 is divided by 5.
4
Calculate the remainder when 6982 is divided by 127.
124
Calculate the remainder when 4253 is divided by 35.
18
What is the remainder when 187 is divided by 33?
22
What is the remainder when 859 is divided by 16?
11
What is the remainder when 2093 is divided by 100?
93
What is the remainde